-2 - 349504/(-5)) a prime number?
True
Let f = 94 - 90. Suppose 0 = 2*s + 5*m - 232, 3*s - 306 = 7*m - f*m. Is s a prime number?
False
Let o(f) = 12*f**2 - 5*f. Let z be o(3). Let k = z + -91. Suppose -5*x - k*m - 2284 = -6217, 3*m - 797 = -x. Is x a composite number?
True
Let s(v) = v - 1. Let g(f) = 4*f**2 - 5*f + 8. Let q(b) = -g(b) - 4*s(b). Let m(c) be the first derivative of q(c). Is m(-1) a prime number?
False
Let a = -110792 - -159639. Is a a prime number?
True
Let t(q) = -4*q**3 + 14*q**2 + 45*q + 1052. Is t(-33) composite?
True
Suppose g - 59 = 474. Let w = 444 + g. Is w a prime number?
True
Let f(m) = -m**3 + 32*m**2 + 24*m + 90. Let i be f(27). Suppose -2*s - i = -5*k - 5*s, -3536 = -4*k + 5*s. Is k composite?
True
Let x(z) = -2*z - 12. Let b be x(-6). Suppose -5*c - t + 246 = b, -2*c + 88 = 3*t - 0*t. Suppose 4*o - 5*s = 169 + 46, -o + c = -5*s. Is o prime?
False
Is ((-41)/8 - (4 - (-495)/(-120))) + 496686 a prime number?
True
Let y be 0 + (-6)/12 + 4/8. Is 2381*(2 - y) - (6 + -1) prime?
False
Suppose 3*a + 15 = 0, j - 40*a = -41*a + 304284. Is j prime?
False
Let j be ((-2064)/7)/(9*24/(-27972)). Suppose 3*z + j = 3*u, 4*u + 0*u - 50933 = -3*z. Is u composite?
True
Is -7 + -2 - (9 + -22533 + -14) composite?
True
Suppose -16 = 3*k + h, -3*h + 4*h = 2*k + 9. Is -1733*(5/(k + 0) - 0) a prime number?
True
Suppose 4*z + 15*z + 17*z - 7390692 = 0. Is z a composite number?
False
Let q = 21 + 0. Suppose -20*a + q*a - 4847 = 0. Is a prime?
False
Suppose 0 = 24*q - 5*q + 2052. Let c = q + 743. Is c prime?
False
Let w(m) = 1298*m**2 - 32*m + 121. Suppose -n + 14 = -5*r, -2*r - 8 = 5*n - 6*n. Is w(n) composite?
True
Let h(c) = c**3 + c**2 + 5. Let a be h(0). Suppose 0*k - 936 = 3*k + a*n, -5*n + 599 = -2*k. Is 1/(((-2)/k)/2) a composite number?
False
Suppose -3*m + 20060 + 8428 = 0. Suppose 4761 = k - 5*a, 4*a = -2*k + a + m. Is k a prime number?
True
Suppose -4*h = -3*d + 1619737, 39*h - 2699519 = -5*d + 35*h. Is d a composite number?
True
Suppose 203*d - 207*d - u = -927117, -3*d = 2*u - 695339. Is d prime?
True
Let n be (-280344)/(-16)*((-4)/(-3))/2. Let v = -8190 + n. Is v prime?
True
Is (3490 - -1)/(3/111) prime?
False
Let s(v) = 29*v**2 + 57*v + 409. Is s(-45) prime?
True
Let c(v) be the second derivative of 1420*v**3/3 - 3*v**2/2 - 2*v. Let h(f) = -f**2 + 30*f - 220. Let d be h(17). Is c(d) a composite number?
False
Suppose 0 = 4*d + 5*a - 15154, a + 18928 = 4*d + d. Let b(q) = 5*q - 3. Let i be b(2). Suppose i*z - d = 4*z. Is z composite?
True
Suppose -4*j - j = -25, 6309 = -h + 4*j. Is -10 - h - (2 + (0 - -3)) a composite number?
True
Let i(p) = -31*p**2 + 35*p**2 - 150 - 27*p + 46*p**2 - 43. Is i(-10) a composite number?
False
Suppose 3*j = -4*j + 70. Suppose 2*t + 1374 = 2*s, -4*s + j*t = 5*t - 2746. Suppose 3*p - s = -i + 642, -1788 = -4*p + 2*i. Is p composite?
True
Let i(x) = 141*x**2 + 10*x - 1. Let y(s) = s**2 + 3*s - 9. Let m be y(-4). Let j(a) = 71*a**2 + 5*a - 1. Let f(o) = m*j(o) + 3*i(o). Is f(-3) a prime number?
True
Is (10/2)/(1732156/123724 - 4 - 10) composite?
False
Suppose -9*i + 52 = -5*i. Suppose 0 = -i*d + 9*d + 27380. Suppose 2*t - 7*t = -d. Is t prime?
False
Suppose -142*z = -z - 17775447. Is z prime?
True
Let z(t) = -92*t - 59. Let d be z(-1). Suppose d*x - 226562 = 19*x. Is x a prime number?
True
Is 2*(-83416)/48*-3 a prime number?
True
Let a(z) be the third derivative of 4987*z**4/24 - 19*z**3/3 - 5*z**2 - 2*z. Is a(3) prime?
True
Suppose -694253 - 69206 = -101*y. Is y composite?
False
Suppose t + 615362 = 4*h, -h + 108*t = 109*t - 153843. Is h a composite number?
False
Suppose 131*w = 233*w - 18124482. Is w prime?
True
Is (66238 - 364/(-14)) + (6 - (-2 + 1)) a composite number?
False
Let j(i) = -88*i - 25. Let f = -56 - -59. Suppose 5*k = -4*x - 30, 3*k + 1 = -f*x - 17. Is j(k) prime?
True
Suppose -2692 = -16*f + 1132. Suppose -3*t + 7766 = f. Is t prime?
False
Let s = -94 - -106. Is (-5 - 75354/s)*-2 prime?
True
Let p = 64 + -62. Suppose 5*c - p*v = -3*v + 27, c = -v + 7. Suppose -c = -h, 0 = -0*d - 5*d - 5*h + 6980. Is d a composite number?
True
Let b = 298 + 398. Suppose -13*q + q = -b. Is q composite?
True
Suppose 0 = -4*o - 145 + 401. Is ((-2084)/(-4))/(-3 + o/20) composite?
True
Suppose 8*u = -12679 + 93943. Is (4/6)/(2 + (-20312)/u) composite?
False
Let y be (-2 + 21/15)/(1/(-5)). Suppose -2*a = 5*k + 3*a - 22050, 17642 = 4*k + y*a. Is k/20 - 6/(-15) a composite number?
True
Let v(d) = -165*d - 249. Let u be (1 - (-6)/18)/((-10)/75). Is v(u) composite?
True
Suppose -7 = -g - 10. Let w be 2/((15/(-3048))/5) - g. Let o = w + 3564. Is o composite?
True
Let o = 1817 + -3047. Let s = 2687 + o. Is s prime?
False
Suppose 0 = 62*j - 909081 - 680809 - 1100352. Is j composite?
False
Suppose 0*t + 164 = -2*t. Let v = t - -83. Let i(c) = 592*c**3 + c**2 + 5*c - 5. Is i(v) a composite number?
False
Let z(q) = -q**2 + 3*q + 4303. Suppose 114*n = 112*n. Is z(n) a composite number?
True
Suppose 4*b + y + 0 = -5, b + y + 5 = 0. Suppose 4*l - 20674 - 15130 = b. Is l a composite number?
False
Let s(y) = -y**2 - 10*y - 17. Let b be 65/25 - (-4)/10. Suppose -5*a + 0*a = 4*k + 36, -5*k - 8 = -b*a. Is s(a) a composite number?
False
Let y(d) = 2124*d + 1487. Is y(36) a composite number?
False
Let y(h) be the third derivative of 527*h**5/60 + 3*h**3 - 8*h**2 + 5. Is y(-7) a prime number?
True
Is 84/532 + 23454440/95 prime?
True
Let x(q) = 140*q**3 + q**2 - 12*q - 1. Let y(a) = -139*a**3 - a**2 + 14*a + 1. Let m(h) = 6*x(h) + 5*y(h). Let z be 9/6 + 3/6. Is m(z) a composite number?
True
Suppose 202447 - 22999 = 49*g - 37*g. Is g a prime number?
False
Suppose -30*v - 50 = -40*v. Suppose 832 = 4*o + v*g, 0 = 4*o - 0*o - 3*g - 800. Is o a composite number?
True
Let c(o) = 90*o**3 + 27*o**2 - 15*o + 17. Is c(14) composite?
True
Let k = 719 + -726. Is 16732 + (5 - -58)/k a prime number?
False
Let u be 31574/(-6*4/(-24)). Suppose -5*z = 10, -3*z + u = -2*w + 3*w. Suppose 14*h - w = 10*h. Is h a composite number?
True
Let m = 596587 - 301748. Is m composite?
True
Suppose -5*s - 2*v + v = -11, -7 = 3*s + 4*v. Suppose r + 12 = -s*r, -8955 = -4*a + r. Suppose -j = -2*p + 339 + 770, a = 4*p + 2*j. Is p a composite number?
False
Suppose 102*q - 120*q = -194814. Is q prime?
False
Suppose -3*f + f + k + 1689467 = 0, 13*f = -2*k + 10981595. Is f a composite number?
True
Suppose 6*f = -0*f + 1698. Suppose 3*o + 157 - 1042 = 3*m, -m - 5*o = f. Let g = m + 412. Is g composite?
True
Let k(s) be the second derivative of s**5/20 - 11*s**4/6 - 59*s**3/6 + 49*s**2/2 + 126*s - 2. Is k(27) a composite number?
True
Let t(v) = v**3 + 26*v**2 - 28*v + 90. Is t(-22) prime?
False
Let s be (-1)/(-2)*(4 + -6)*-18696. Suppose -s = -c + 6671. Is c a prime number?
True
Suppose -3*c = 38*l - 40*l + 233092, 3*l = -2*c + 349651. Is l composite?
False
Let k(n) = 1418*n**2 + 15*n - 46. Is k(3) composite?
True
Suppose 0 = -8*i + i - 84. Let j be (19/3)/(i/(-36))*23. Suppose 3*n - 1234 - j = 0. Is n a composite number?
False
Suppose 3*r - 3*z - 263121 = 0, 333762 + 104779 = 5*r - 4*z. Is r a prime number?
False
Is ((-15)/(-90))/((-3)/(-15200982)) prime?
True
Let l(c) = -72*c**3 - 57*c**2 - 57*c - 95. Is l(-22) a prime number?
True
Suppose 0 = -711*a + 752*a - 93029. Is a a prime number?
True
Let n(x) = 105 - 46 - 80*x + 130 - 807*x + 46. Is n(-6) prime?
True
Suppose 0 = -7*d + 3*d - h + 19, 0 = 3*d - 3*h - 18. Suppose d*a - 48 - 2 = 2*m, 0 = 4*a + m - 40. Let w(l) = 8*l**2 - 10*l + 13. Is w(a) a prime number?
False
Let k(f) = 7031*f + 10334. Is k(57) a composite number?
False
Let h(i) = -42291*i**3 - 6*i**2 - 16*i + 3. Is h(-2) a composite number?
False
Let j(c) = -2630*c**3 + 7*c**2 + 85*c + 335. Is j(-4) a prime number?
False
Let w be -10 + 8 + (5 - 1). Suppose l + 3*y + 3 - 5 = 0, w*l = 5*y + 15. Suppose -l*g - 544 + 1989 = 0. Is g a prime number?
False
Let t(o) = -o**3 + 39*o**2 + 10*o + 15. Let i be t(13). Suppose 2*a + 229 = i. Is a prime?
False
Let p = -575 - -577. Let r(f) = f**3 - 4*f**2 - 2. Let a be r(4). Is 572 - (p/a + -3 + 3) a composite number?
True
Is -3*(-2)/(-14) - (3208335/(-91) + 5) a composite number?
False
Suppose -5 + 25 = -5*t. Let b = 2 + t. Is (-127)/b*(-10 - -12) a prime number?
True
Let m = 411 + -271. Let f be (m/42)/((-4)/(-18)). Supp